{"id":159,"date":"2023-02-15T16:53:19","date_gmt":"2023-02-15T16:53:19","guid":{"rendered":"https:\/\/greengrow.dk\/?page_id=159"},"modified":"2023-03-31T17:03:36","modified_gmt":"2023-03-31T17:03:36","slug":"sortiment","status":"publish","type":"page","link":"https:\/\/greengrow.dk\/index.php\/sortiment\/","title":{"rendered":"Sortiment"},"content":{"rendered":"<p>[et_pb_section fb_built=&#8221;1&#8243; _builder_version=&#8221;4.20.2&#8243; _module_preset=&#8221;default&#8221; global_colors_info=&#8221;{}&#8221;][et_pb_row _builder_version=&#8221;4.20.2&#8243; _module_preset=&#8221;default&#8221; custom_padding=&#8221;37px|||||&#8221; global_colors_info=&#8221;{}&#8221;][et_pb_column type=&#8221;4_4&#8243; _builder_version=&#8221;4.20.2&#8243; _module_preset=&#8221;default&#8221; global_colors_info=&#8221;{}&#8221;][et_pb_text _builder_version=&#8221;4.20.2&#8243; _module_preset=&#8221;default&#8221; text_text_color=&#8221;#E02B20&#8243; text_font_size=&#8221;18px&#8221; hover_enabled=&#8221;0&#8243; global_colors_info=&#8221;{}&#8221; sticky_enabled=&#8221;0&#8243;]<\/p>\n<p>Vi f\u00f8rer et udvalg af\u00a0 komponenter til konfigurering af solcelleanl\u00e6g fra 10 KW og opefter. Anl\u00e6g over 50 KW best\u00e5r i realiteten af flere enkeltanl\u00e6g, men anses af myndighederne som eet anl\u00e6g. Anl\u00e6ggene opbygges med h\u00f8jtydende paneler med den nyeste teknologi med half-cut solceller, som har en bedre effekt ved skyggeinfald over panelerne.\u00a0 Panelerne er store enheder med aluminiumsrammer, som er velegnede til omkostningseffektiv montage p\u00e5 erhvervsbygninger. Den store paneler s\u00f8rger for en\u00a0 j\u00e6vnstr\u00f8mstilf\u00f8rsel, som er afstemt til inverternes optimale ydelsesinterval.<\/p>\n<p>&nbsp;<\/p>\n<p>Det vil for vore f\u00e6rdige solcellepakker v\u00e6re muligt at \u00f8ge antallet af paneler med op til 50 % uden at overbelaste inverteren. Herved vil en h\u00f8jere \u00e5rsydelse kunne opn\u00e5s for en moderat merinvestering og den eksisterende tagflade potentielt kunne udnyttes bedre.<\/p>\n<p>&nbsp;<\/p>\n<p>Kernen i et solcelleanl\u00e6g er inverteren som konverterer solcellernes j\u00e6vnstr\u00f8m til 3-faset vekselstr\u00f8m. Vi f\u00f8rer konventionelle invertere fra 10-50 KW, da anvendelse af kostbare hybridinvertere og anskaffelse af lithium-ion batterier til backup er en suboptimering, som generelt hverken er \u00f8konomisk rentabel eller klimam\u00e6ssig optimal, og slet ikke for virksomheder med et typisk h\u00f8jt elforbrug i dagtimerne. Der er i Danmark i \u00f8vrigt ikke godkendt hybridinvertere over 10 KW.<\/p>\n<p>&nbsp;<\/p>\n<p>Montagesystemerne best\u00e5r af rustfri st\u00e5l eller aluminiumsdele afstemt til tagfladen. Generelt vil bolte og beslag have dimensioner og en udformning der muligg\u00f8r fastg\u00f8relse i den underliggende sp\u00e6rkonstruktion og ikke tagl\u00e6gterne. For flade tage med tagpap vil vi anvise individuelle l\u00f8sninger, herunder ballast til im\u00f8deg\u00e5else af lokal vindbelastning p\u00e5 panelerne.<\/p>\n<p>&nbsp;<\/p>\n<p>&nbsp;<\/p>\n<p>[\/et_pb_text][\/et_pb_column][\/et_pb_row][et_pb_row _builder_version=&#8221;4.20.2&#8243; _module_preset=&#8221;default&#8221; global_colors_info=&#8221;{}&#8221;][et_pb_column type=&#8221;4_4&#8243; _builder_version=&#8221;4.20.2&#8243; _module_preset=&#8221;default&#8221; global_colors_info=&#8221;{}&#8221;][et_pb_text _builder_version=&#8221;4.20.2&#8243; _module_preset=&#8221;default&#8221; global_colors_info=&#8221;{}&#8221;][\/et_pb_text][\/et_pb_column][\/et_pb_row][\/et_pb_section]<\/p>\n","protected":false},"excerpt":{"rendered":"<p>Vi f\u00f8rer et udvalg af\u00a0 komponenter til konfigurering af solcelleanl\u00e6g fra 10 KW og opefter. Anl\u00e6g over 50 KW best\u00e5r i realiteten af flere enkeltanl\u00e6g, men anses af myndighederne som eet anl\u00e6g. Anl\u00e6ggene opbygges med h\u00f8jtydende paneler med den nyeste teknologi med half-cut solceller, som har en bedre effekt ved skyggeinfald over panelerne.\u00a0 Panelerne er [&hellip;]<\/p>\n","protected":false},"author":1,"featured_media":0,"parent":0,"menu_order":0,"comment_status":"closed","ping_status":"closed","template":"","meta":{"_et_pb_use_builder":"on","_et_pb_old_content":"","_et_gb_content_width":"","footnotes":""},"class_list":["post-159","page","type-page","status-publish","hentry"],"yoast_head":"<!-- This site is optimized with the Yoast SEO plugin v27.4 - https:\/\/yoast.com\/product\/yoast-seo-wordpress\/ -->\n<title>Sortiment - Greengrow<\/title>\n<meta name=\"robots\" content=\"index, follow, max-snippet:-1, max-image-preview:large, max-video-preview:-1\" \/>\n<link rel=\"canonical\" href=\"https:\/\/greengrow.dk\/index.php\/sortiment\/\" \/>\n<meta property=\"og:locale\" content=\"da_DK\" \/>\n<meta property=\"og:type\" content=\"article\" \/>\n<meta property=\"og:title\" content=\"Sortiment - Greengrow\" \/>\n<meta property=\"og:description\" content=\"Vi f\u00f8rer et udvalg af\u00a0 komponenter til konfigurering af solcelleanl\u00e6g fra 10 KW og opefter. Anl\u00e6g over 50 KW best\u00e5r i realiteten af flere enkeltanl\u00e6g, men anses af myndighederne som eet anl\u00e6g. Anl\u00e6ggene opbygges med h\u00f8jtydende paneler med den nyeste teknologi med half-cut solceller, som har en bedre effekt ved skyggeinfald over panelerne.\u00a0 Panelerne er [&hellip;]\" \/>\n<meta property=\"og:url\" content=\"https:\/\/greengrow.dk\/index.php\/sortiment\/\" \/>\n<meta property=\"og:site_name\" content=\"Greengrow\" \/>\n<meta property=\"article:modified_time\" content=\"2023-03-31T17:03:36+00:00\" \/>\n<meta name=\"twitter:card\" content=\"summary_large_image\" \/>\n<script type=\"application\/ld+json\" class=\"yoast-schema-graph\">{\"@context\":\"https:\\\/\\\/schema.org\",\"@graph\":[{\"@type\":\"WebPage\",\"@id\":\"https:\\\/\\\/greengrow.dk\\\/index.php\\\/sortiment\\\/\",\"url\":\"https:\\\/\\\/greengrow.dk\\\/index.php\\\/sortiment\\\/\",\"name\":\"Sortiment - Greengrow\",\"isPartOf\":{\"@id\":\"https:\\\/\\\/greengrow.dk\\\/#website\"},\"datePublished\":\"2023-02-15T16:53:19+00:00\",\"dateModified\":\"2023-03-31T17:03:36+00:00\",\"breadcrumb\":{\"@id\":\"https:\\\/\\\/greengrow.dk\\\/index.php\\\/sortiment\\\/#breadcrumb\"},\"inLanguage\":\"da-DK\",\"potentialAction\":[{\"@type\":\"ReadAction\",\"target\":[\"https:\\\/\\\/greengrow.dk\\\/index.php\\\/sortiment\\\/\"]}]},{\"@type\":\"BreadcrumbList\",\"@id\":\"https:\\\/\\\/greengrow.dk\\\/index.php\\\/sortiment\\\/#breadcrumb\",\"itemListElement\":[{\"@type\":\"ListItem\",\"position\":1,\"name\":\"Hjem\",\"item\":\"https:\\\/\\\/greengrow.dk\\\/\"},{\"@type\":\"ListItem\",\"position\":2,\"name\":\"Sortiment\"}]},{\"@type\":\"WebSite\",\"@id\":\"https:\\\/\\\/greengrow.dk\\\/#website\",\"url\":\"https:\\\/\\\/greengrow.dk\\\/\",\"name\":\"Greengrow\",\"description\":\"Bare endnu et WordPress websted\",\"potentialAction\":[{\"@type\":\"SearchAction\",\"target\":{\"@type\":\"EntryPoint\",\"urlTemplate\":\"https:\\\/\\\/greengrow.dk\\\/?s={search_term_string}\"},\"query-input\":{\"@type\":\"PropertyValueSpecification\",\"valueRequired\":true,\"valueName\":\"search_term_string\"}}],\"inLanguage\":\"da-DK\"}]}<\/script>\n<!-- \/ Yoast SEO plugin. -->","yoast_head_json":{"title":"Sortiment - Greengrow","robots":{"index":"index","follow":"follow","max-snippet":"max-snippet:-1","max-image-preview":"max-image-preview:large","max-video-preview":"max-video-preview:-1"},"canonical":"https:\/\/greengrow.dk\/index.php\/sortiment\/","og_locale":"da_DK","og_type":"article","og_title":"Sortiment - Greengrow","og_description":"Vi f\u00f8rer et udvalg af\u00a0 komponenter til konfigurering af solcelleanl\u00e6g fra 10 KW og opefter. Anl\u00e6g over 50 KW best\u00e5r i realiteten af flere enkeltanl\u00e6g, men anses af myndighederne som eet anl\u00e6g. Anl\u00e6ggene opbygges med h\u00f8jtydende paneler med den nyeste teknologi med half-cut solceller, som har en bedre effekt ved skyggeinfald over panelerne.\u00a0 Panelerne er [&hellip;]","og_url":"https:\/\/greengrow.dk\/index.php\/sortiment\/","og_site_name":"Greengrow","article_modified_time":"2023-03-31T17:03:36+00:00","twitter_card":"summary_large_image","schema":{"@context":"https:\/\/schema.org","@graph":[{"@type":"WebPage","@id":"https:\/\/greengrow.dk\/index.php\/sortiment\/","url":"https:\/\/greengrow.dk\/index.php\/sortiment\/","name":"Sortiment - Greengrow","isPartOf":{"@id":"https:\/\/greengrow.dk\/#website"},"datePublished":"2023-02-15T16:53:19+00:00","dateModified":"2023-03-31T17:03:36+00:00","breadcrumb":{"@id":"https:\/\/greengrow.dk\/index.php\/sortiment\/#breadcrumb"},"inLanguage":"da-DK","potentialAction":[{"@type":"ReadAction","target":["https:\/\/greengrow.dk\/index.php\/sortiment\/"]}]},{"@type":"BreadcrumbList","@id":"https:\/\/greengrow.dk\/index.php\/sortiment\/#breadcrumb","itemListElement":[{"@type":"ListItem","position":1,"name":"Hjem","item":"https:\/\/greengrow.dk\/"},{"@type":"ListItem","position":2,"name":"Sortiment"}]},{"@type":"WebSite","@id":"https:\/\/greengrow.dk\/#website","url":"https:\/\/greengrow.dk\/","name":"Greengrow","description":"Bare endnu et WordPress websted","potentialAction":[{"@type":"SearchAction","target":{"@type":"EntryPoint","urlTemplate":"https:\/\/greengrow.dk\/?s={search_term_string}"},"query-input":{"@type":"PropertyValueSpecification","valueRequired":true,"valueName":"search_term_string"}}],"inLanguage":"da-DK"}]}},"_links":{"self":[{"href":"https:\/\/greengrow.dk\/index.php\/wp-json\/wp\/v2\/pages\/159","targetHints":{"allow":["GET"]}}],"collection":[{"href":"https:\/\/greengrow.dk\/index.php\/wp-json\/wp\/v2\/pages"}],"about":[{"href":"https:\/\/greengrow.dk\/index.php\/wp-json\/wp\/v2\/types\/page"}],"author":[{"embeddable":true,"href":"https:\/\/greengrow.dk\/index.php\/wp-json\/wp\/v2\/users\/1"}],"replies":[{"embeddable":true,"href":"https:\/\/greengrow.dk\/index.php\/wp-json\/wp\/v2\/comments?post=159"}],"version-history":[{"count":10,"href":"https:\/\/greengrow.dk\/index.php\/wp-json\/wp\/v2\/pages\/159\/revisions"}],"predecessor-version":[{"id":316,"href":"https:\/\/greengrow.dk\/index.php\/wp-json\/wp\/v2\/pages\/159\/revisions\/316"}],"wp:attachment":[{"href":"https:\/\/greengrow.dk\/index.php\/wp-json\/wp\/v2\/media?parent=159"}],"curies":[{"name":"wp","href":"https:\/\/api.w.org\/{rel}","templated":true}]}}