{"id":37,"date":"2023-02-01T07:55:24","date_gmt":"2023-02-01T07:55:24","guid":{"rendered":"https:\/\/greengrow.dk\/?page_id=37"},"modified":"2025-04-02T15:35:34","modified_gmt":"2025-04-02T15:35:34","slug":"om-os","status":"publish","type":"page","link":"https:\/\/greengrow.dk\/index.php\/om-os\/","title":{"rendered":"Om os"},"content":{"rendered":"<p>[et_pb_section fb_built=&#8221;1&#8243; admin_label=&#8221;Hero&#8221; _builder_version=&#8221;4.27.4&#8243; use_background_color_gradient=&#8221;on&#8221; background_color_gradient_type=&#8221;circular&#8221; background_color_gradient_direction_radial=&#8221;top left&#8221; background_color_gradient_stops=&#8221;rgba(40,40,40,0.79) 0%|rgba(40,40,40,0.86) 100%&#8221; background_color_gradient_overlays_image=&#8221;on&#8221; background_color_gradient_start=&#8221;rgba(40,40,40,0.79)&#8221; background_color_gradient_end=&#8221;rgba(40,40,40,0.86)&#8221; background_image=&#8221;https:\/\/greengrow.dk\/wp-content\/uploads\/2023\/02\/construction-21.jpg&#8221; custom_margin=&#8221;||||false&#8221; custom_padding=&#8221;10vw||10vw||true|false&#8221; hover_enabled=&#8221;0&#8243; global_colors_info=&#8221;{}&#8221; background_color=&#8221;#f4f1eb&#8221; sticky_enabled=&#8221;0&#8243;][et_pb_row column_structure=&#8221;2_3,1_3&#8243; _builder_version=&#8221;4.16&#8243; global_colors_info=&#8221;{}&#8221;][et_pb_column type=&#8221;2_3&#8243; _builder_version=&#8221;4.16&#8243; custom_padding=&#8221;|||&#8221; global_colors_info=&#8221;{}&#8221; custom_padding__hover=&#8221;|||&#8221;][et_pb_text _builder_version=&#8221;4.16&#8243; text_font=&#8221;||||||||&#8221; header_font=&#8221;Rubik|700|||||||&#8221; header_font_size=&#8221;64px&#8221; header_line_height=&#8221;1.1em&#8221; background_layout=&#8221;dark&#8221; max_width=&#8221;800px&#8221; custom_margin=&#8221;||0px|&#8221; custom_padding=&#8221;|||16px&#8221; text_font_size_tablet=&#8221;14px&#8221; text_font_size_last_edited=&#8221;off|desktop&#8221; header_font_size_tablet=&#8221;44px&#8221; header_font_size_phone=&#8221;32px&#8221; header_font_size_last_edited=&#8221;on|phone&#8221; border_color_all=&#8221;#ffb400&#8243; border_width_left=&#8221;10px&#8221; global_colors_info=&#8221;{}&#8221;]<\/p>\n<h1>Om GreenGrow K\/S<\/h1>\n<p>[\/et_pb_text][et_pb_text _builder_version=&#8221;4.16&#8243; text_font=&#8221;||||||||&#8221; text_font_size=&#8221;22px&#8221; text_line_height=&#8221;1.6em&#8221; header_font=&#8221;||||||||&#8221; background_layout=&#8221;dark&#8221; max_width=&#8221;800px&#8221; custom_margin=&#8221;|||&#8221; custom_padding=&#8221;20px||20px||true&#8221; text_font_size_tablet=&#8221;18px&#8221; text_font_size_phone=&#8221;&#8221; text_font_size_last_edited=&#8221;on|phone&#8221; global_colors_info=&#8221;{}&#8221;]<\/p>\n<p>Selskabet er etableret\u00a0 p\u00e5 baggrund af lang erfaring med solcelleinstallationer. Vi har VE-uddannelse inden for solcelleanl\u00e6g og kvalitetsstyringsystemet er under etablering. Vi indk\u00f8ber produkterne direkte fra producenterne og kan dermed videregive attraktive priser til vore kunder.<\/p>\n<p>Virksomheden er baseret p\u00e5 et solidt kapitalgrundlag og der investeres ogs\u00e5 direkte i solcelleanl\u00e6g for egne midler p\u00e5 egnede lokationer.<\/p>\n<p>Baseret p\u00e5 kundens behov kan vi tillige tilbyde levering og installation af varmepumper, typisk i tilknytning til etablering af et solcelleanl\u00e6g, hvor det er \u00f8konomisk rentabelt.<\/p>\n<p>Vi har valgt at l\u00e6gge fokus p\u00e5 erhvervskunder, herunder offentlige kunder, institutioner og foreninger.<\/p>\n<p>Vi er lagerf\u00f8rende for vareudlevering fra vore lagre p\u00e5 Sj\u00e6lland, Hovedgaden 38B Undl\u00f8se, 4340 T\u00f8ll\u00f8se og Fyn, Hudevej Byvej 17, 5792 \u00c5rslev\u00a0 for kunder som selv \u00f8nsker at forest\u00e5 monteringen.<\/p>\n<p>&nbsp;<\/p>\n<p>&nbsp;<\/p>\n<p>[\/et_pb_text][\/et_pb_column][et_pb_column type=&#8221;1_3&#8243; _builder_version=&#8221;4.16&#8243; custom_padding=&#8221;|||&#8221; global_colors_info=&#8221;{}&#8221; custom_padding__hover=&#8221;|||&#8221;][et_pb_text _builder_version=&#8221;4.16&#8243; text_font=&#8221;||||||||&#8221; header_font=&#8221;||||||||&#8221; header_2_font=&#8221;Rubik|700|||||||&#8221; header_2_text_color=&#8221;#ffb400&#8243; header_2_font_size=&#8221;32px&#8221; header_2_line_height=&#8221;1.2em&#8221; custom_margin=&#8221;|||&#8221; custom_padding=&#8221;|||&#8221; header_2_font_size_last_edited=&#8221;off|desktop&#8221; global_colors_info=&#8221;{}&#8221;]<\/p>\n<h2>Hvad vi kan tilbyde<\/h2>\n<p>[\/et_pb_text][et_pb_blurb title=&#8221;Solcelleinstalationer&#8221; image=&#8221;https:\/\/greengrow.dk\/wp-content\/uploads\/2023\/02\/construction-icon-7-yellow.png&#8221; icon_placement=&#8221;left&#8221; image_icon_width=&#8221;64px&#8221; content_max_width=&#8221;1100px&#8221; content_max_width_tablet=&#8221;1100px&#8221; content_max_width_last_edited=&#8221;off|desktop&#8221; _builder_version=&#8221;4.20.4&#8243; header_font=&#8221;Rubik|700|||||||&#8221; header_line_height=&#8221;1.4em&#8221; body_font=&#8221;||||||||&#8221; body_line_height=&#8221;1.8em&#8221; background_layout=&#8221;dark&#8221; custom_margin=&#8221;|||&#8221; custom_padding=&#8221;|||&#8221; animation_style=&#8221;slide&#8221; animation_direction=&#8221;right&#8221; animation_intensity_slide=&#8221;10%&#8221; animation=&#8221;off&#8221; image_max_width=&#8221;64px&#8221; global_colors_info=&#8221;{}&#8221;]<\/p>\n<p>Vi monterer anl\u00e6g\u00a0 k\u00f8bt gennem os p\u00e5 forskellige tagtyper ud fra en vurdering af tagets egnethed, statik og \u00f8konomi. Vi kan tillige tilbyde montering direkte p\u00e5 jord, hvor dette vurderes at v\u00e6re en bedre l\u00f8sning.<\/p>\n<p>&nbsp;<\/p>\n<p>[\/et_pb_blurb][et_pb_blurb title=&#8221;Tagrenovering i forbindelse med solcelleinstallation&#8221; image=&#8221;https:\/\/greengrow.dk\/wp-content\/uploads\/2023\/02\/construction-icon-5-yellow-1.png&#8221; icon_placement=&#8221;left&#8221; image_icon_width=&#8221;64px&#8221; content_max_width=&#8221;1100px&#8221; content_max_width_tablet=&#8221;1100px&#8221; content_max_width_last_edited=&#8221;off|desktop&#8221; _builder_version=&#8221;4.16&#8243; header_font=&#8221;Rubik|700|||||||&#8221; header_line_height=&#8221;1.4em&#8221; body_font=&#8221;||||||||&#8221; body_line_height=&#8221;1.8em&#8221; background_layout=&#8221;dark&#8221; custom_margin=&#8221;|||&#8221; custom_padding=&#8221;|||&#8221; animation_style=&#8221;slide&#8221; animation_direction=&#8221;right&#8221; animation_delay=&#8221;100ms&#8221; animation_intensity_slide=&#8221;10%&#8221; animation=&#8221;off&#8221; image_max_width=&#8221;64px&#8221; global_colors_info=&#8221;{}&#8221;]<\/p>\n<p>Et solcelleanl\u00e6g sk\u00f8nnes at have en levetid op til 40 \u00e5r. Det er derfor vigtigt at den underliggende tagd\u00e6kning ikke bliver en begr\u00e6nsning. S\u00e6rligt for eternittage\u00a0 har vi mulighed for renovering med st\u00e5lprofiltag som giver betydelige besparelser for solcellemontering.<\/p>\n<p>[\/et_pb_blurb][et_pb_blurb title=&#8221;Beregning af rentabilitet&#8221; image=&#8221;https:\/\/greengrow.dk\/wp-content\/uploads\/2023\/02\/construction-icon-6-yellow.png&#8221; icon_placement=&#8221;left&#8221; image_icon_width=&#8221;64px&#8221; content_max_width=&#8221;1100px&#8221; content_max_width_tablet=&#8221;1100px&#8221; content_max_width_last_edited=&#8221;off|desktop&#8221; _builder_version=&#8221;4.20.4&#8243; header_font=&#8221;Rubik|700|||||||&#8221; header_line_height=&#8221;1.4em&#8221; body_font=&#8221;||||||||&#8221; body_line_height=&#8221;1.8em&#8221; background_layout=&#8221;dark&#8221; custom_margin=&#8221;|||&#8221; custom_padding=&#8221;|||&#8221; animation_style=&#8221;slide&#8221; animation_direction=&#8221;right&#8221; animation_delay=&#8221;200ms&#8221; animation_intensity_slide=&#8221;10%&#8221; animation=&#8221;off&#8221; image_max_width=&#8221;64px&#8221; global_colors_info=&#8221;{}&#8221;]<\/p>\n<p>Afh\u00e6ngig af kundens individuelle forbrugsm\u00f8nster og skattem\u00e6ssige forhold kan vi lave beregninger over den optimale anl\u00e6gsst\u00f8rrelse og placering af anl\u00e6gget.<\/p>\n<p>[\/et_pb_blurb][\/et_pb_column][\/et_pb_row][\/et_pb_section][et_pb_section fb_built=&#8221;1&#8243; admin_label=&#8221;About Us&#8221; _builder_version=&#8221;4.16&#8243; global_colors_info=&#8221;{}&#8221;][et_pb_row _builder_version=&#8221;4.16&#8243; global_colors_info=&#8221;{}&#8221;][et_pb_column type=&#8221;4_4&#8243; _builder_version=&#8221;4.16&#8243; custom_padding=&#8221;|||&#8221; global_colors_info=&#8221;{}&#8221; custom_padding__hover=&#8221;|||&#8221;][et_pb_text _builder_version=&#8221;4.16&#8243; text_font=&#8221;||||||||&#8221; header_font=&#8221;||||||||&#8221; header_2_font=&#8221;Rubik|700|||||||&#8221; header_2_font_size=&#8221;42px&#8221; header_2_line_height=&#8221;1.2em&#8221; text_orientation=&#8221;center&#8221; module_alignment=&#8221;center&#8221; custom_margin=&#8221;|||&#8221; custom_padding=&#8221;|||&#8221; header_2_font_size_tablet=&#8221;&#8221; header_2_font_size_phone=&#8221;36px&#8221; header_2_font_size_last_edited=&#8221;on|phone&#8221; locked=&#8221;off&#8221; global_colors_info=&#8221;{}&#8221;]<\/p>\n<h2>Vi er parat til at r\u00e5dgive Jer<\/h2>\n<p>[\/et_pb_text][et_pb_divider color=&#8221;#ffb400&#8243; divider_position=&#8221;center&#8221; divider_weight=&#8221;5px&#8221; _builder_version=&#8221;4.16&#8243; max_width=&#8221;50px&#8221; module_alignment=&#8221;center&#8221; locked=&#8221;off&#8221; global_colors_info=&#8221;{}&#8221;][\/et_pb_divider][\/et_pb_column][\/et_pb_row][\/et_pb_section]<\/p>\n","protected":false},"excerpt":{"rendered":"<p>Om GreenGrow K\/SSelskabet er etableret\u00a0 p\u00e5 baggrund af lang erfaring med solcelleinstallationer. Vi har VE-uddannelse inden for solcelleanl\u00e6g og kvalitetsstyringsystemet er under etablering. Vi indk\u00f8ber produkterne direkte fra producenterne og kan dermed videregive attraktive priser til vore kunder. Virksomheden er baseret p\u00e5 et solidt kapitalgrundlag og der investeres ogs\u00e5 direkte i solcelleanl\u00e6g for egne midler [&hellip;]<\/p>\n","protected":false},"author":1,"featured_media":0,"parent":0,"menu_order":0,"comment_status":"closed","ping_status":"closed","template":"","meta":{"_et_pb_use_builder":"on","_et_pb_old_content":"","_et_gb_content_width":"","footnotes":""},"class_list":["post-37","page","type-page","status-publish","hentry"],"yoast_head":"<!-- This site is optimized with the Yoast SEO plugin v27.4 - https:\/\/yoast.com\/product\/yoast-seo-wordpress\/ -->\n<title>Om os - Greengrow<\/title>\n<meta name=\"robots\" content=\"index, follow, max-snippet:-1, max-image-preview:large, max-video-preview:-1\" \/>\n<link rel=\"canonical\" href=\"https:\/\/greengrow.dk\/index.php\/om-os\/\" \/>\n<meta property=\"og:locale\" content=\"da_DK\" \/>\n<meta property=\"og:type\" content=\"article\" \/>\n<meta property=\"og:title\" content=\"Om os - Greengrow\" \/>\n<meta property=\"og:description\" content=\"Om GreenGrow K\/SSelskabet er etableret\u00a0 p\u00e5 baggrund af lang erfaring med solcelleinstallationer. Vi har VE-uddannelse inden for solcelleanl\u00e6g og kvalitetsstyringsystemet er under etablering. Vi indk\u00f8ber produkterne direkte fra producenterne og kan dermed videregive attraktive priser til vore kunder. Virksomheden er baseret p\u00e5 et solidt kapitalgrundlag og der investeres ogs\u00e5 direkte i solcelleanl\u00e6g for egne midler [&hellip;]\" \/>\n<meta property=\"og:url\" content=\"https:\/\/greengrow.dk\/index.php\/om-os\/\" \/>\n<meta property=\"og:site_name\" content=\"Greengrow\" \/>\n<meta property=\"article:modified_time\" content=\"2025-04-02T15:35:34+00:00\" \/>\n<meta name=\"twitter:card\" content=\"summary_large_image\" \/>\n<script type=\"application\/ld+json\" class=\"yoast-schema-graph\">{\"@context\":\"https:\\\/\\\/schema.org\",\"@graph\":[{\"@type\":\"WebPage\",\"@id\":\"https:\\\/\\\/greengrow.dk\\\/index.php\\\/om-os\\\/\",\"url\":\"https:\\\/\\\/greengrow.dk\\\/index.php\\\/om-os\\\/\",\"name\":\"Om os - Greengrow\",\"isPartOf\":{\"@id\":\"https:\\\/\\\/greengrow.dk\\\/#website\"},\"datePublished\":\"2023-02-01T07:55:24+00:00\",\"dateModified\":\"2025-04-02T15:35:34+00:00\",\"breadcrumb\":{\"@id\":\"https:\\\/\\\/greengrow.dk\\\/index.php\\\/om-os\\\/#breadcrumb\"},\"inLanguage\":\"da-DK\",\"potentialAction\":[{\"@type\":\"ReadAction\",\"target\":[\"https:\\\/\\\/greengrow.dk\\\/index.php\\\/om-os\\\/\"]}]},{\"@type\":\"BreadcrumbList\",\"@id\":\"https:\\\/\\\/greengrow.dk\\\/index.php\\\/om-os\\\/#breadcrumb\",\"itemListElement\":[{\"@type\":\"ListItem\",\"position\":1,\"name\":\"Hjem\",\"item\":\"https:\\\/\\\/greengrow.dk\\\/\"},{\"@type\":\"ListItem\",\"position\":2,\"name\":\"Om os\"}]},{\"@type\":\"WebSite\",\"@id\":\"https:\\\/\\\/greengrow.dk\\\/#website\",\"url\":\"https:\\\/\\\/greengrow.dk\\\/\",\"name\":\"Greengrow\",\"description\":\"Bare endnu et WordPress websted\",\"potentialAction\":[{\"@type\":\"SearchAction\",\"target\":{\"@type\":\"EntryPoint\",\"urlTemplate\":\"https:\\\/\\\/greengrow.dk\\\/?s={search_term_string}\"},\"query-input\":{\"@type\":\"PropertyValueSpecification\",\"valueRequired\":true,\"valueName\":\"search_term_string\"}}],\"inLanguage\":\"da-DK\"}]}<\/script>\n<!-- \/ Yoast SEO plugin. -->","yoast_head_json":{"title":"Om os - Greengrow","robots":{"index":"index","follow":"follow","max-snippet":"max-snippet:-1","max-image-preview":"max-image-preview:large","max-video-preview":"max-video-preview:-1"},"canonical":"https:\/\/greengrow.dk\/index.php\/om-os\/","og_locale":"da_DK","og_type":"article","og_title":"Om os - Greengrow","og_description":"Om GreenGrow K\/SSelskabet er etableret\u00a0 p\u00e5 baggrund af lang erfaring med solcelleinstallationer. Vi har VE-uddannelse inden for solcelleanl\u00e6g og kvalitetsstyringsystemet er under etablering. Vi indk\u00f8ber produkterne direkte fra producenterne og kan dermed videregive attraktive priser til vore kunder. Virksomheden er baseret p\u00e5 et solidt kapitalgrundlag og der investeres ogs\u00e5 direkte i solcelleanl\u00e6g for egne midler [&hellip;]","og_url":"https:\/\/greengrow.dk\/index.php\/om-os\/","og_site_name":"Greengrow","article_modified_time":"2025-04-02T15:35:34+00:00","twitter_card":"summary_large_image","schema":{"@context":"https:\/\/schema.org","@graph":[{"@type":"WebPage","@id":"https:\/\/greengrow.dk\/index.php\/om-os\/","url":"https:\/\/greengrow.dk\/index.php\/om-os\/","name":"Om os - Greengrow","isPartOf":{"@id":"https:\/\/greengrow.dk\/#website"},"datePublished":"2023-02-01T07:55:24+00:00","dateModified":"2025-04-02T15:35:34+00:00","breadcrumb":{"@id":"https:\/\/greengrow.dk\/index.php\/om-os\/#breadcrumb"},"inLanguage":"da-DK","potentialAction":[{"@type":"ReadAction","target":["https:\/\/greengrow.dk\/index.php\/om-os\/"]}]},{"@type":"BreadcrumbList","@id":"https:\/\/greengrow.dk\/index.php\/om-os\/#breadcrumb","itemListElement":[{"@type":"ListItem","position":1,"name":"Hjem","item":"https:\/\/greengrow.dk\/"},{"@type":"ListItem","position":2,"name":"Om os"}]},{"@type":"WebSite","@id":"https:\/\/greengrow.dk\/#website","url":"https:\/\/greengrow.dk\/","name":"Greengrow","description":"Bare endnu et WordPress websted","potentialAction":[{"@type":"SearchAction","target":{"@type":"EntryPoint","urlTemplate":"https:\/\/greengrow.dk\/?s={search_term_string}"},"query-input":{"@type":"PropertyValueSpecification","valueRequired":true,"valueName":"search_term_string"}}],"inLanguage":"da-DK"}]}},"_links":{"self":[{"href":"https:\/\/greengrow.dk\/index.php\/wp-json\/wp\/v2\/pages\/37","targetHints":{"allow":["GET"]}}],"collection":[{"href":"https:\/\/greengrow.dk\/index.php\/wp-json\/wp\/v2\/pages"}],"about":[{"href":"https:\/\/greengrow.dk\/index.php\/wp-json\/wp\/v2\/types\/page"}],"author":[{"embeddable":true,"href":"https:\/\/greengrow.dk\/index.php\/wp-json\/wp\/v2\/users\/1"}],"replies":[{"embeddable":true,"href":"https:\/\/greengrow.dk\/index.php\/wp-json\/wp\/v2\/comments?post=37"}],"version-history":[{"count":9,"href":"https:\/\/greengrow.dk\/index.php\/wp-json\/wp\/v2\/pages\/37\/revisions"}],"predecessor-version":[{"id":481,"href":"https:\/\/greengrow.dk\/index.php\/wp-json\/wp\/v2\/pages\/37\/revisions\/481"}],"wp:attachment":[{"href":"https:\/\/greengrow.dk\/index.php\/wp-json\/wp\/v2\/media?parent=37"}],"curies":[{"name":"wp","href":"https:\/\/api.w.org\/{rel}","templated":true}]}}